ctors of n(-2)?
1231
Let g = 109 - 107. Suppose 0*h = -2*h. Suppose g*c + 4 - 108 = h. List the prime factors of c.
2, 13
Let a be 2655/20 - 1/(-4). Suppose 6*i - 83 = a. What are the prime factors of i?
2, 3
Suppose 0*p - 3*p + 280 = d, 0 = 5*d + 25. Suppose 8*n - 13*n + p = 0. Let a = 18 + n. What are the prime factors of a?
37
Let l(d) = -5*d**3 - 22*d**2 + 20*d + 48. List the prime factors of l(-11).
3821
Suppose -4*u = 5*k - 0*u - 8451, 6760 = 4*k + 3*u. List the prime factors of k.
7, 241
Let t(v) = -v + 6. Let u(g) = 2*g - 13. Let q(y) = 5*t(y) + 3*u(y). Let s be q(13). Suppose 54 = 2*c + 3*z, z + 3*z = s*c - 88. List the prime factors of c.
2, 3
Suppose -120 = -x + 53. What are the prime factors of x?
173
Suppose 5*t = -z + 13, t + 6*z - 4*z - 8 = 0. Suppose t*l + 410 = 7*l. List the prime factors of l.
2, 41
Let l(n) = 18 - 17 + 4*n**2 + 0*n**2 - 3*n**2. Let w be l(2). Suppose -4*i + t = -112 - 3, 0 = 2*i + w*t - 41. List the prime factors of i.
2, 7
Let j(h) = -3*h + 2. Let z(i) = i. Let m(p) = -5*j(p) + 30*z(p). List the prime factors of m(3).
5
Let d = 116 - 108. Suppose -41 - 327 = -d*v. What are the prime factors of v?
2, 23
Let o = 8 - 16. Let a(t) = -123 + 244 - 5*t - 125. What are the prime factors of a(o)?
2, 3
Suppose 5*l = -4*m - 348, -5*m = 5*l - l + 273. Let o be 1/(2*2/l). List the prime factors of (-237)/(-27) - 4/o.
3
Let x be 21/35 + (-2)/(20/(-34)). Suppose x*b - 97 = -2*w + w, 2*b = w - 67. What are the prime factors of w?
7, 11
Suppose -b + 53 = -5*o, 0 = -2*o - 5 - 1. Let r = 46 - b. What are the prime factors of r?
2
Suppose -2*h + 15 = -175. Suppose t = -t + 5*l + 3, -5*l + h = 5*t. What are the prime factors of t?
2, 7
Let c(r) = 10*r**2 + 15*r. Let p be c(-10). Suppose 2*j = p - 296. Suppose -6*u + j = 19. List the prime factors of u.
43
Let a be 3 + 1/1 - (-1258)/74. List the prime factors of a - -2 - (-14)/7.
5
Let q(v) = 2*v + 11. Suppose 0 = -25*f + 20*f + 25. List the prime factors of q(f).
3, 7
Let h(v) = 138*v**2 - 4*v + 1. What are the prime factors of h(2)?
5, 109
Suppose j - 87 + 17 = 0. Suppose 2574 = 8*y + j. What are the prime factors of y?
313
Let u(y) = -y**2 + 3*y + 7. Let w be u(5). Let x be 2*w*(-4)/3. Suppose -2*o + 4 = -x. List the prime factors of o.
2, 3
Let h(o) = 13*o - 5*o + 5 - 1. What are the prime factors of h(5)?
2, 11
Let z be ((-262)/4 - -4)/(5/10). Let l = 188 + z. List the prime factors of l.
5, 13
List the prime factors of (7/((-7)/(-3)) - 7) + 1885.
3, 11, 19
Let p = 5 - -1. Suppose p*c - 7 = 5. List the prime factors of (-5)/2*c*-9.
3, 5
Let p = -7 + 12. Suppose 3*m = -6, m - p*m - 20 = -a. What are the prime factors of (a/9)/((-3)/(-108))?
2, 3
Suppose -4*f + 31 + 8 = 5*w, -2 = -2*f. List the prime factors of w.
7
Suppose 2*t = 10 + 620. Suppose -14*s = -9*s - t. List the prime factors of s.
3, 7
List the prime factors of 56/420 - (14928/45)/(-2).
2, 83
Suppose -g - 408 = -0*g + 3*u, -u = -g - 396. Let b = -138 - g. List the prime factors of b.
3, 29
Let z = 39 + -36. Suppose 8*x - z*x = 15. List the prime factors of x.
3
List the prime factors of 390 - 5*(7 - 8).
5, 79
Let g(b) = -24 + 8*b - 2*b + 21. Let q be g(1). List the prime factors of -2 + (q - (0 + -1)).
2
Let p be 0/(-16)*-2*1/2. Suppose -32*k + 31*k + 154 = p. List the prime factors of k.
2, 7, 11
Let w(t) = -570*t - 5. List the prime factors of w(-1).
5, 113
Let u be -3*(-6)/(-27) - (-107)/3. Suppose -255 = -36*z + u*z. List the prime factors of z.
3, 5, 17
Let u(t) = 447*t - 13. List the prime factors of u(2).
881
Let q = -203 - -748. List the prime factors of q.
5, 109
Let s be 3*(-1 - -2) - 1. Suppose 4*t + 0*t = 5*a - 18, 2*a + t - s = 0. Suppose -h = a*h - 42. List the prime factors of h.
2, 7
Suppose -4*m = -2*m + 12. Let o be (-28)/m + (-2)/3. Suppose 14 = o*q - 5*u - 59, 2*u = -4*q + 38. What are the prime factors of q?
2, 3
Suppose -159*r - 36 = -153*r. Let v(i) be the first derivative of -i**4/4 - 2*i**3 - 7*i**2/2 + 2*i - 2. List the prime factors of v(r).
2, 11
Suppose m - 2 = 3*m. Let h(a) be the third derivative of a**5/12 + a**3/6 + 3*a**2. List the prime factors of h(m).
2, 3
Let a be (4/(-16))/((-3)/3324). Suppose -a = -5*l + 663. What are the prime factors of l?
2, 47
Let l(c) = -3*c - 11. Let j be l(-6). Suppose b + j*b - 104 = 0. Suppose 86 = b*q - 11*q. What are the prime factors of q?
43
Let c(q) = 142*q - 639. What are the prime factors of c(21)?
3, 11, 71
Let l(y) = y**2 - 17*y - 7. Let j be l(-11). Suppose -2*n - 3*u = -j, 0 = 3*n - 2*n + u - 153. What are the prime factors of n?
2, 79
Let x = 40 + -32. Suppose -4*j - 32 = -x. What are the prime factors of ((-8)/j)/(5/165)?
2, 11
Let r = -14 + 14. Let a = 0 - r. Suppose m = -2*c + 12, a = -0*m - 5*m + 3*c + 47. List the prime factors of m.
2, 5
Suppose g - 101 = -0*g. List the prime factors of g.
101
Let c = 37 - 31. Suppose -c*z + 5 = -31. What are the prime factors of z?
2, 3
Let v be (7 - 0 - -2)/1. Let s(x) = -x**2 + 11*x - 4. Let q be s(v). Suppose -4*o = -b - q, -4*o + 5*b = 2*b - 10. List the prime factors of o.
2
Let c(z) = 485*z**2 - 11*z + 25. List the prime factors of c(3).
4357
Suppose 0 = 3*y + 1 - 10. Let t = 5 - y. What are the prime factors of t + (38 - (-12)/4)?
43
Let l(m) = m - 7. Let o(d) = -1. Let b(h) = l(h) + 4*o(h). Let p be b(14). Suppose -p*a + a = -66. List the prime factors of a.
3, 11
Suppose -y - 43 = -4*y + 4*r, 4*r + 77 = 5*y. Suppose y*c = 13*c + 252. Suppose -3*f + 3 + c = 0. What are the prime factors of f?
2, 11
Let s be -1*-10*(-2 + 3). What are the prime factors of 1/(5/s) - -50?
2, 13
Let o(p) = -57*p**3 - 12*p**2 - 7*p + 17. List the prime factors of o(-4).
3, 389
Let z(l) = l**3 + 11*l**2 - 11*l + 6. Let p(a) = a**3 - 6*a**2 - 9*a + 2. Let w be p(7). Let k be z(w). What are the prime factors of 0 - 4 - k - -20?
2, 11
Let p = 87 + -21. Suppose 3*j - 3*w - p = 0, 2*j + w - 88 = -2*j. Suppose 5*l = 2*m + j, -50 = -5*l - 6*m + m. What are the prime factors of l?
2, 3
Let c = 14 + -8. Suppose m + 9 = 2*d, -2*m - 2 - c = d. Suppose g = 2, -3*w + 30 = d*w + 5*g. What are the prime factors of w?
2
Suppose -802 = -2*b - 2*v, -2*b + b + 5*v + 413 = 0. What are the prime factors of b?
13, 31
Suppose -16*j + 1464 = -12*j. Suppose -2*f - 4*f + j = 0. What are the prime factors of f?
61
Let w = -27 + 18. Let l(h) = -h**2 - 11*h - 13. Let p be l(w). List the prime factors of 1/((-14)/p - -3).
5
Suppose 8*k + 5*q - 5 = 4*k, -3*q = 9. Suppose k*d + l = -10, -3*d + 3*l - 17 = 7. Let a(h) = h**3 + 6*h**2 + h + 4. What are the prime factors of a(d)?
2, 7
Let c = 7 + -3. Let m(u) = -c*u + 4*u - 1 + u + 2. What are the prime factors of m(10)?
11
Let y(g) = 14*g**2 - 19*g + 40. What are the prime factors of y(9)?
17, 59
Suppose -322 - 27854 = -24*y. What are the prime factors of y?
2, 587
Let u = 136 - -84. Suppose -c - g = -u, g = -3 + 1. List the prime factors of c.
2, 3, 37
Let r = 10 - 4. Let b(j) = 4*j**2 - j + 3. Let a be b(r). Let i = a + -88. What are the prime factors of i?
53
Let y(t) = 2*t**3 + t**2 + 6*t + 36. List the prime factors of y(11).
5, 577
Let c(q) = -2 + 11*q - 5 + 0. Let f be c(4). Suppose -3*u + 72 = 4*z, 2*z - 3*z - f = -2*u. List the prime factors of u.
2, 5
Let m(k) = -4*k**3 - 2*k**2 - 2*k + 1. Let a be m(-3). Suppose 2*g + 194 = -4*x, 0 = -4*x + g - 0*g - 197. Let s = a + x. What are the prime factors of s?
2, 3
Let b = 8 - 4. Suppose 0 = -3*z + 140 + b. Let k = 81 - z. What are the prime factors of k?
3, 11
Suppose 3*a = 2*a + 2*l + 2, -2*a + l = 11. Let z = a + 11. Suppose 3 + 21 = z*o. List the prime factors of o.
2
Suppose -11*b + 0*u + 6969 = -3*u, -5*u = 10. List the prime factors of b.
3, 211
Suppose -1396 = -10*v + 464. List the prime factors of v.
2, 3, 31
Suppose -48 = 2*n + 4*r - 168, 0 = -3*n - r + 195. What are the prime factors of n?
2, 3, 11
Suppose 3*o - 1457 = -1178. List the prime factors of o.
3, 31
Let a = -290 - -687. List the prime factors of a.
397
Let l be (3 - 1)/((-3)/(-36)). Let d = 26 - l. Suppose 0 = -3*b + b + 3*y + 44, 2*y = -d*b + 64. What are the prime factors of b?
2, 7
Suppose -3*z + 695 - 11 = 0. Suppose 27 = -3*p + 2*m + 198, -4*p = 4*m - z. What are the prime factors of p?
3, 19
Suppose 0*y - 4*z - 9 = 5*y, -z = -4. Let a(l) = -2*l + 5 + 0*l + l. L